 37. Let n be i(11). Suppose -6*j + n*j - 110 = 0. Calculate the highest common divisor of j and 20.
10
Let a(c) be the third derivative of c**4/4 - 3*c**3/2 + 5*c**2. Let z be a(3). Calculate the highest common factor of z and 27.
9
Let m(g) = 3*g**2 + 7*g - 3. Let i be m(-6). Let s = 474 + -467. Calculate the greatest common factor of s and i.
7
Suppose -24*r = -2169 - 1503. Calculate the greatest common divisor of r and 255.
51
Let m = 4 + 1. Suppose 149 = x - r, x = m*r + 58 + 71. What is the highest common divisor of 22 and x?
22
Let c = -50 - -111. Let x(b) = -b**2 + 4*b + 62. Let z be x(-6). Suppose 3*a = -3*f + 81, 5*f = -z*a + c + 77. What is the highest common factor of 28 and f?
28
Suppose -9*x + 6*x + 210 = -5*m, 4*x + 2*m - 280 = 0. What is the greatest common factor of 175 and x?
35
Let y = -3 - -5. Suppose 5*u = -20, 4*u - 134 - 74 = -y*n. Suppose 2*c - 2*b - 11 = 13, 4*c - b - 60 = 0. What is the greatest common factor of n and c?
16
Let h(g) = 3*g**2 + 53*g - 30. Let t be h(-21). Calculate the highest common factor of 45 and t.
45
Suppose x - 181 = -5*r, 2*x - 5*r - 322 = -7*r. What is the greatest common divisor of 36 and x?
12
Let z be 3 + (-57)/18 + 49/6. Let s(j) = -3*j + 1. Let w be s(-6). Let t = w + -11. What is the highest common divisor of z and t?
8
Let t be (-88)/(-1)*(-8)/(-32). Let c be (-16)/(-6) + (-2)/3. Calculate the highest common factor of c and t.
2
Let q = -34 + 43. What is the highest common divisor of 81 and q?
9
Suppose 3 - 11 = -4*g. Suppose 10 + 0 = -g*u, -5*q - 2*u + 390 = 0. Let t(p) = p + 10. Let b be t(0). What is the highest common factor of b and q?
10
Suppose 182 = 676*r - 669*r. Calculate the greatest common divisor of 5 and r.
1
Let d be 56/(4/(-18)*(-144)/16). Let s(i) = 3*i**3 + 1. Let w be s(1). What is the highest common divisor of w and d?
4
Suppose -2*f - 6 = -0*v + v, -5*f = v + 21. Calculate the highest common divisor of 27 and v.
1
Let g be (8/4 - -798)*78/65. What is the highest common divisor of g and 30?
30
Suppose -3*w + 1222 - 424 = 4*o, -4*o = -w + 282. What is the highest common factor of w and 108?
54
Let v(p) = 3*p + 4. Suppose -h + 3*h - 4*a + 10 = 0, 4*a - 30 = -2*h. Let x be v(h). Let r = 614 + -519. What is the greatest common factor of r and x?
19
Let s be ((-4)/(-10) + 338/130)*19. What is the highest common factor of 1425 and s?
57
Let q be (-9)/(-6) + (-1)/(-2). Let k(y) = y**2 + 4*y. Let z be k(-6). Let u = 28 - z. Calculate the greatest common factor of q and u.
2
Suppose -5*a - a + 276 = 0. Let g = a - 13. Suppose -5*z - 29 = -4*b, -2*b = -0*z + 4*z - 34. What is the greatest common divisor of b and g?
11
Let v be (12/(-9))/((-4)/(-6)). Let m be (4 - 0/v) + 21. Calculate the highest common divisor of 100 and m.
25
Let w be (78/(-15))/((-2)/10). Let z = 46 - 33. Calculate the highest common divisor of w and z.
13
Let y(k) = -k + 1. Let i be y(5). Let s be (-2 + i)/(1 + -2). Suppose 10*g = -348 + 828. What is the highest common factor of g and s?
6
Suppose j - 6*g - 2 = -4*g, 3*g - 18 = -2*j. Let u be j/(-10) - (-1284)/15. Calculate the highest common divisor of 17 and u.
17
Let x(h) be the first derivative of 40*h - 18 - 3*h**2 + 4 - 54*h. Let i be x(-4). Calculate the highest common factor of 110 and i.
10
Let w be (5/(-2))/(5/(-10)). Let h be (12/w)/((-10)/(-10250)). Let s be h/65 + 4/26. What is the highest common divisor of 57 and s?
19
Suppose -7*x + 15 - 15 = 0. Suppose 2*q - j - 609 = x, 5*q - 2*j = -0*j + 1524. What is the greatest common factor of q and 34?
34
Suppose -7*m + 20 = -12*m, -4*m = -5*p + 2601. Calculate the highest common factor of 11 and p.
11
Suppose 5*y - 57 = -167. Let c = -7 - y. Calculate the greatest common divisor of 5 and c.
5
Suppose -105 + 37 = -2*n. Let w = -23 + n. Let i = -38 + 126. What is the greatest common factor of w and i?
11
Let o(p) = p**3 - 18*p**2 + 2*p + 4. Let u be o(18). What is the greatest common factor of 70 and u?
10
Suppose -513*c + 512*c = -68. What is the greatest common factor of c and 612?
68
Suppose 53 = 4*n - 3*n. Suppose 0 = -3*m + 82 + n. Calculate the highest common factor of m and 9.
9
Let n = -1191 - -1371. What is the highest common factor of 990 and n?
90
Let v be (-168)/(-9) + (-4)/6 - 4. Suppose -421 = -5*b + 139. Calculate the greatest common factor of b and v.
14
Let v(y) = y + 27. Let h be v(18). Let w be (2/(-4))/((-1)/(-14)). Let m = w - -25. What is the greatest common factor of m and h?
9
Let c(w) = -w**3 - 5*w**2 + 4*w + 5. Suppose -1 = -t - 16. Let b = 9 + t. Let f be c(b). Calculate the greatest common factor of 187 and f.
17
Let r(i) = -i**2 - 22*i - 10. Let t be r(-20). What is the greatest common factor of t and 45?
15
Let m(a) = 7*a - 12. Let p be m(6). Let i be (-45)/4*112/(-21). Calculate the highest common factor of i and p.
30
Let u(q) = q**2 - 3*q - 50. Let j be u(-25). Calculate the highest common divisor of j and 26.
26
Let k be (2 - (0 - 2))*8. What is the highest common divisor of 40 and k?
8
Let n = -239 + 539. Calculate the greatest common factor of 180 and n.
60
Let f(p) = p**3 + p**2 + 8. Let z be f(0). Let v(g) = -3*g + 30. Let w be v(-6). Let s = -40 + w. Calculate the greatest common factor of s and z.
8
Let k(o) be the first derivative of o**4/4 + 2*o**3 - 3*o**2/2 + 14*o + 1. Let w be k(-6). Calculate the highest common divisor of 24 and w.
8
Let o(n) = 5*n + 39. Let w be o(-7). Suppose p - 7 = -2. Let s be 23/p - (-9)/(-15). Calculate the highest common divisor of w and s.
4
Let k(o) = 5*o**2 - 8*o + 8. Let r be k(6). Let t be (((-3)/2)/3)/((-14)/(-1204)). Let d = 57 + t. What is the highest common divisor of r and d?
14
Let g(v) = -18*v + 4. Let i be g(0). What is the greatest common divisor of i and 172?
4
Let g be ((-12)/30)/((4/(-25))/2). Suppose -c + 5 = 5*k - 2*k, 0 = 5*k + g. Calculate the greatest common factor of c and 1.
1
Suppose 4*t - 100 = 20. Suppose -6 - 34 = -2*q. Calculate the highest common factor of q and t.
10
Let r = 17 + -7. Suppose -5*u + 15 = r. Calculate the highest common divisor of 1 and u.
1
Let a be 2/(-6) - (-4)/3. Let q be (5/(-25))/((-2)/10) + 1. Calculate the greatest common divisor of a and q.
1
Suppose -q + 2*q = 5*v - 24, -3*q - 5*v + 28 = 0. Suppose 9 = -b - 4*r, r + 6 - q = 0. Let k be -88*2*3/(-12). What is the greatest common divisor of k and b?
11
Suppose 1400 = 28*w - 24*w. What is the highest common factor of w and 50?
50
Let r be (-22)/8*4/(-1). Let h = -55 - -51. Let l be 489/15 - (h/10 + 0). What is the greatest common factor of r and l?
11
Let v(o) = 3*o**3 + 10*o**2 - 10*o + 4. Let h be v(3). What is the greatest common factor of 58 and h?
29
Suppose -4*b + 5*b - 3 = 0. Let t(k) = -k**2 + 11*k - 18. Let i be t(9). Suppose -l + 0*l + 21 = i. Calculate the highest common divisor of b and l.
3
Suppose 255*w = 238*w + 442. Calculate the greatest common factor of 598 and w.
26
Let x = 588 - 569. Calculate the highest common divisor of x and 551.
19
Let i(l) be the third derivative of 4*l**6/15 - l**5/30 - l**4/12 + l**3/6 + 31*l**2. Let f be i(2). What is the greatest common divisor of f and 35?
35
Suppose 72 - 12 = 15*n. Calculate the highest common factor of 68 and n.
4
Let u(c) = c**3 - 9*c**2 - 9*c - 35. Let o be u(11). What is the highest common factor of o and 1728?
108
Let j = 350 + -325. Calculate the greatest common divisor of 425 and j.
25
Suppose w + 2*w = 9. Suppose -w*m - 9 = 6, -m + 49 = 3*u. Let g = u + 38. What is the greatest common divisor of 8 and g?
8
Let y = 13 + -13. Let f(u) = -u**2 - 2*u + 14. Let x be f(y). What is the highest common divisor of x and 98?
14
Let g(u) = 7*u + 30. Let i be g(5). What is the highest common divisor of 455 and i?
65
Suppose -108*b + 8 = -104*b. Let s be -5 + 0 + b + 23. What is the greatest common factor of 12 and s?
4
Suppose 9*d - 6*d + 89 = n, -4*n = -d - 323. What is the highest common factor of 64 and n?
16
Let g be (48/15 + -2)/(13/(-195)). Let q be (42/g)/((-35)/(-18) + -2). What is the highest common divisor of q and 14?
14
Suppose 0 = 3*r + 5 - 47. Suppose -1 = h, -5*y + 702 = 246*h - 248*h. What is the greatest common factor of y and r?
14
Suppose -j - 95 = -6*j. Let b be ((-66)/48 - 3/(-8)) + 77. What is the highest common factor of b and j?
19
Suppose 3*